/(-30)?
3
Suppose -188*z - 2322 = -191*z. What is the hundreds digit of -1*(3 - 5) + z*1?
7
Suppose -33*n + 26*n + 7840 = 0. Let c = 2293 - n. What is the thousands digit of c?
1
Suppose -31 = -5*x + 3*k, 5*x + 0*x + k = 23. Suppose 5*f = -x*q + 5070, q - 6*f = -9*f + 1008. What is the units digit of q?
7
Suppose 5*i = -5*x + 418930, 0 = -2*i - 34*x + 36*x + 167572. What is the hundreds digit of i?
7
Let r(b) = -5*b - 22. Let i be r(-5). Let f = -7 - -13. What is the hundreds digit of (44/f)/(i - 132/45)?
1
Let z(v) be the second derivative of -v**4/4 + 4*v**3/3 + 2*v**2 - 2*v. Let q be z(6). Let g = -45 - q. What is the tens digit of g?
1
Suppose -499570 - 1167594 = -163*o. What is the hundreds digit of o?
2
Suppose -4*z = -7*k + 4*k + 24, 0 = -5*z + 4*k - 31. Suppose 0 = 12*c - 18*c - 342. What is the units digit of z/(2/2) - c?
4
Let f(u) = 19*u**2 - 39*u - 942. What is the tens digit of f(-20)?
3
What is the thousands digit of -6 - (1 + 0 - -92746)/(4 + -5)?
2
Suppose 2*z + 41 - 31 = 0, -4*z = -4*w + 19452. What is the thousands digit of w?
4
Suppose -5*l + 73 = -42. Suppose -5*s - 2*x + 35 = 3*x, l = 4*s + 3*x. Suppose -5*t + 720 = o, s*t + 2*o = o + 291. What is the units digit of t?
3
What is the hundreds digit of (2 - (-12522)/10)/(43/215)?
2
Suppose 18*b + 54 = 36*b. Suppose 3*k + b*d - 1887 = 0, 5*k + 2*d - 3137 = d. What is the units digit of k?
7
Let b = 4111 - 2123. Suppose -733*h + 729*h + b = 0. What is the tens digit of h?
9
Suppose 0 = -2*m + m - 4*i - 5, -2*i + 35 = 3*m. Suppose 71 - 89 = 2*b. What is the units digit of (-3)/(b/m) - -150?
5
Let l(g) = -52*g**3 - g**2 - 5*g - 3. Let q = -399 - -397. What is the units digit of l(q)?
9
Suppose 3*v = 4*j - 2*j + 155, 0 = 5*v - 25. Let h be 12/(-10)*j/42. Suppose f - h*t = -3*t + 20, 4 = -4*t. What is the tens digit of f?
2
Let l = 2606 + 981. What is the hundreds digit of l?
5
Let v(u) be the third derivative of -u**6/120 + u**5/6 - u**4/8 - 17*u**3/6 + 7*u**2. Let p be v(7). Let x = p - -22. What is the hundreds digit of x?
1
Let g(r) = 2*r**2 + r + 5. Let x be g(0). Let l(u) = -10*u**2 - 6*u**2 + x*u - 28 + 0*u + 17*u**2. What is the units digit of l(-15)?
2
Suppose -2*f - n + 27209 = 0, 245*n = 250*n + 5. What is the ten thousands digit of f?
1
Suppose -8*f = -22803 - 34517. What is the units digit of f?
5
Let p = 90 - 83. Suppose -275 = p*m - 18*m. What is the tens digit of m?
2
Let h = 11 + 21. Suppose -4*f = s - h, -2*f = -5*s + f + 114. Suppose -23*z = -s*z + 67. What is the units digit of z?
7
Suppose j - k = 24 - 13, 49 = 5*j - 4*k. Let f be 2/4 - (-3)/(-6). Suppose p + 2*p - 266 = -2*w, f = -3*w - j*p + 398. What is the tens digit of w?
3
Suppose a - 3*f = -2*a + 27, -2*a = 2*f - 34. Let u(m) = -m**2 - 3*m - 28. Let c be u(a). Let n = -132 - c. What is the units digit of n?
4
Let l(k) = -3861*k - 2030. What is the hundreds digit of l(-6)?
1
Let a be (-21)/6 + (30/(-4))/5. Let g = a + 3. What is the tens digit of ((-3 - g) + -277)*2/(-4)?
3
Let w(k) = k**2 + 19*k + 34. Let o be w(-17). What is the units digit of 408 - ((3 - 1) + o)?
6
Let k = -1219 + 448. Let p = k - -1326. What is the units digit of p?
5
Suppose -2*u + 15 = -i + 26, 2*u = -i - 1. Suppose 1477 = i*l + 2*f, -17*f - 586 = -2*l - 13*f. What is the tens digit of l?
9
Let f(q) = -3377*q**3 + 2*q**2 + 41*q + 72. What is the ten thousands digit of f(-2)?
2
Let h = 54791 - 24433. What is the units digit of h?
8
Suppose -1167328 = 154*s + 151*s - 9744843. What is the units digit of s?
3
Let k = -549 - -9216. What is the tens digit of k?
6
Let m = -212 - -518. Suppose 6*n = 3*n + m. Let g = n - -8. What is the hundreds digit of g?
1
Let j = -4072 + 4078. Suppose 0 = 5*o - k + 5*k - 451, o - 103 = -4*k. Suppose 5*i + o = j*i. What is the units digit of i?
7
Let l = -23416 - -41995. What is the tens digit of l?
7
Suppose 29*d - 33*d = 2*y - 184470, -6*d - 5*y = -276723. What is the ten thousands digit of d?
4
Suppose 4*v = 4*q - 3084, 2*v - 3*v - 2*q = 777. Let n = -413 - v. What is the units digit of n?
0
Suppose -2*k + 120 = t - 6*t, -t - 276 = -4*k. Suppose m + m = k. Let p = m - 2. What is the tens digit of p?
3
Let p(g) = g**3 - 11*g**2 + 36*g + 82. What is the units digit of p(21)?
8
Let a be (-5 + 7 - (1 + -81)) + -3. Suppose -4*t - 29 = a. Let z = t + 31. What is the units digit of z?
4
Suppose 11705 = 8*l - 1279. What is the units digit of l?
3
What is the units digit of ((-7)/(-7))/(13/177424)?
8
Let m = 26039 + -6248. What is the units digit of m?
1
Suppose -4*o - 4*u = -3256, -u = 8*o - 11*o + 2434. Suppose 2*w - 1621 = 3*d, -w + 0*d = -2*d - o. What is the hundreds digit of w?
8
Suppose -2985 = 5*z + n - 4*n, 0 = -3*z - 5*n - 1825. Let q = -315 - z. What is the hundreds digit of q?
2
Suppose 12 - 4 = 2*n. Suppose 156 = n*c - 60. Suppose 0*b + 5*b = -3*r + 107, -2*r + b = -c. What is the units digit of r?
9
Let m(q) = 39*q**2 - 12*q + 87. Let j be m(8). Let v = j + -1776. What is the hundreds digit of v?
7
Let k = 12 + -9. Let z be -9*(4 - 1)*-3. What is the tens digit of (10/k)/(6/z)?
4
Suppose 0*q - 33 = -3*q. Let w(d) = 62*d - 40. Let a be w(q). What is the tens digit of 4/((-32)/a)*40/(-15)?
1
Let x be 6/(-63) + 130/42. Suppose -f = 2*f + 9, 4*h - 3*f = 845. Suppose 103 = x*u - h. What is the units digit of u?
4
Let z = -492 - -369. Let u = 181 - z. What is the units digit of u?
4
Let m(a) = 1073*a - 3961. What is the units digit of m(16)?
7
Let f = 57 - 52. Let g(h) = 10*h**2 + h + 13. What is the units digit of g(f)?
8
Suppose 201577 = 5*g - b, -4*g + 36*b = 31*b - 161270. What is the ten thousands digit of g?
4
Suppose 995 + 1665 = 14*p. Let w(v) = -3*v**2 - v + 6. Let o be w(6). Let i = o + p. What is the units digit of i?
2
Let f be (20/(-7))/((-46)/14 - -3). Suppose 4*l - f = -2*d, 5*d + 5*l - 20 = -0*d. What is the units digit of (1/d - 1)/((-20)/480)?
6
Let i(l) = -7*l**2 - 66*l + 143. Let b(f) = 3*f**2 + 33*f - 72. Let k(t) = -5*b(t) - 2*i(t). What is the hundreds digit of k(-26)?
2
What is the units digit of -65*8/(-16)*214?
5
Suppose o = 2*f - 7381, -f + 48*o + 3713 = 43*o. What is the tens digit of f?
8
Let w be -4 + 1 + (-33)/11. Let d be 5 + w*4/8. Let y(b) = 41*b - 8. What is the tens digit of y(d)?
7
Let r = 43 + -31. What is the units digit of 178 - -4*6/r?
0
Let l(i) = 2204*i**2 + 23*i - 105. What is the thousands digit of l(5)?
5
Let a(x) = x**3 - 8*x**2 + 2*x - 10. Let q be a(8). Let v(y) = -q - 3 - y**2 + 2*y**2 + 7*y. What is the tens digit of v(-14)?
8
Let x = 109 + -154. Let q = 46 + x. Let j(i) = 13*i**2 + 1. What is the units digit of j(q)?
4
Let g(a) = -a**3 - 8*a + 3. Let p(d) = -4*d**3 + d**2 - 23*d + 9. Let u(h) = -11*g(h) + 4*p(h). What is the units digit of u(-4)?
3
Let l be -2*(-1 - 1) - (1 + 9). What is the hundreds digit of (4 - 44/l)/(3/45)?
1
Let b be 2/1*(-22)/(-4). Suppose 0 = -b*q + 2249 + 2107. What is the tens digit of q?
9
Suppose -3*u - 27746 = -4*s, -2*u - 3*u + 27762 = 4*s. Suppose 15*p = s + 18202. What is the tens digit of p?
7
Suppose -3*s - 3 = 3*c, 10 = c - 4*s - 9. Suppose 0 = -3*u + c, -3*o = -6*o + 5*u + 1555. What is the hundreds digit of o?
5
Let b = 66954 - 19560. What is the thousands digit of b?
7
Suppose -2*y + 3488 = 3*z, 4*y + 12*z - 7024 = 14*z. What is the tens digit of y?
5
Let s = 64070 + -34301. What is the hundreds digit of s?
7
Let b(w) = 732*w**2 + 11*w - 66. Let o be b(4). Suppose -11*v = -1048 - o. What is the tens digit of v?
5
Suppose -3*b = 3*h - 63, 2 = h - 2. Suppose 0 = -b*d + 12*d + 180. Suppose 3*y + d = 150. What is the units digit of y?
8
Suppose 0 = 3*r + 3*j - 32751, 2884 = r + 3*j - 8037. What is the ten thousands digit of r?
1
Suppose -2*d - 25 = 3*u, 4*u + 34 = -3*d - 0*d. What is the tens digit of 772 + u/49*0?
7
Let w(a) = -a**2 + 7*a + 4. Let m be w(7). Suppose b = -1, 3*y + 2*b - 212 = 47. Suppose 5*q - 3*h = y, 0 = -m*h - h - 20. What is the units digit of q?
5
What is the tens digit of (2/3 - 49013/138 - 2)*-8?
5
Suppose 2*j - 5434 = -1564. What is the hundreds digit of j?
9
Suppose 0 = -r - 2 + 4. Suppose -2*y - 7 = -5*q + 12, -r*y = q - 11. What is the units digit of y?
3
Let p = 5632 - 207. What is the units digit of p?
5
Let v(i) = -2*i - 16. Let d be v(-12). Suppose 6*q + d = 10*q. Suppose 140 = q*g